{"id":219,"date":"2020-05-12T03:43:04","date_gmt":"2020-05-12T03:43:04","guid":{"rendered":"https:\/\/elastic-blackburn.198-71-62-207.plesk.page\/index.php\/services\/"},"modified":"2023-10-19T04:17:15","modified_gmt":"2023-10-19T09:17:15","slug":"services","status":"publish","type":"page","link":"https:\/\/dimensiontransport.com\/index.php\/services\/","title":{"rendered":"SERVICES"},"content":{"rendered":"\n<div class=\"wp-block-uagb-container uagb-block-c1e2fce7 alignfull uagb-is-root-container\"><div class=\"uagb-container-inner-blocks-wrap\">\n<div class=\"wp-block-uagb-advanced-heading uagb-block-c767fabd\"><h1 class=\"uagb-heading-text\">SERVICES<\/h1><\/div>\n\n\n\n<div class=\"wp-block-uagb-buttons uagb-buttons__outer-wrap uagb-btn__default-btn uagb-btn-tablet__default-btn uagb-btn-mobile__default-btn uagb-block-bab243e4\"><div class=\"uagb-buttons__wrap uagb-buttons-layout-wrap\">\n<div class=\"wp-block-uagb-buttons-child uagb-buttons__outer-wrap uagb-block-2e1945b8 wp-block-button\"><div class=\"uagb-button__wrapper\"><a class=\"uagb-buttons-repeater wp-block-button__link\" href=\"#TRANSPORT-\u00c0-PLATEFORME\" onclick=\"return true;\" rel=\"follow noopener\" target=\"_self\"><div class=\"uagb-button__link\">TRANSPORT \u00c0 PLATEFORME<\/div><\/a><\/div><\/div>\n\n\n\n<div class=\"wp-block-uagb-buttons-child uagb-buttons__outer-wrap uagb-block-8a0ac3ba wp-block-button\"><div class=\"uagb-button__wrapper\"><a class=\"uagb-buttons-repeater wp-block-button__link\" href=\"#TRANSPORT-HORS-NORMES\" onclick=\"return true;\" rel=\"follow noopener\" target=\"_self\"><div class=\"uagb-button__link\">TRANSPORT HORS-NORMES<\/div><\/a><\/div><\/div>\n\n\n\n<div class=\"wp-block-uagb-buttons-child uagb-buttons__outer-wrap uagb-block-25755722 wp-block-button\"><div class=\"uagb-button__wrapper\"><a class=\"uagb-buttons-repeater wp-block-button__link\" href=\"#SERVICE-DE-LOGISTIQUE\" onclick=\"return true;\" rel=\"follow noopener\" target=\"_self\"><div class=\"uagb-button__link\">SERVICE DE LOGISTIQUE<\/div><\/a><\/div><\/div>\n<\/div><\/div>\n<\/div><\/div>\n\n\n\n<div class=\"wp-block-uagb-container uagb-block-610baaad alignfull uagb-is-root-container\"><div class=\"uagb-container-inner-blocks-wrap\">\n<div class=\"wp-block-uagb-container uagb-block-31b295f2\">\n<div class=\"wp-block-uagb-info-box uagb-block-2a89b7d9 uagb-infobox__content-wrap  uagb-infobox-icon-above-title uagb-infobox-image-valign-top\"><div class=\"uagb-ifb-content\"><div class=\"uagb-ifb-title-wrap\"><h2 class=\"uagb-ifb-title\">TRANSPORT \u00c0 PLATEFORME (FLATBED)<\/h2><\/div><p class=\"uagb-ifb-desc\">Chez Dimension Transport, notre objectif est de livrer votre marchandise de mani\u00e8re efficace, rapide et s\u00e9curitaire partout au Canada d&rsquo;est en ouest, en passant par les territoires du Nord et l\u2019Alaska. Nous sommes sp\u00e9cialis\u00e9s dans le transport de compl\u00e8tes (TL) ou demies, avec des remorques \u00e0 plateforme (Flat bed), avec notre flotte remorques (4 essieux et B-Train).<\/p><div class=\"uagb-ifb-button-wrapper wp-block-button\"><a href=\"index.php\/contact\" class=\"uagb-infobox-cta-link wp-block-button__link\" target=\"_self\" rel=\"noopener noreferrer\" onclick=\"return true;\" alt=\"\"><span class=\"uagb-inline-editing\">Contact<\/span><\/a><\/div><\/div><\/div>\n<\/div>\n\n\n\n<div class=\"wp-block-uagb-container uagb-block-7db25ae8\">\n<div class=\"wp-block-uagb-image uagb-block-f23a0025 wp-block-uagb-image--layout-default wp-block-uagb-image--effect-static wp-block-uagb-image--align-none\" id=\"TRANSPORT-\u00c0-PLATEFORME\"><figure class=\"wp-block-uagb-image__figure\"><img decoding=\"async\" srcset=\"https:\/\/dimensiontransport.com\/wp-content\/uploads\/2023\/09\/real-bi-train-01.jpg \" sizes=\"auto, (max-width: 480px) 150px\" src=\"https:\/\/dimensiontransport.com\/wp-content\/uploads\/2023\/09\/real-bi-train-01.jpg\" alt=\"\" class=\"uag-image-1121\" width=\"720\" height=\"720\" title=\"\" loading=\"lazy\"\/><\/figure><\/div>\n<\/div>\n<\/div><\/div>\n\n\n\n<div class=\"wp-block-uagb-container uagb-block-0fa8dc87 alignfull uagb-is-root-container\"><div class=\"uagb-container-inner-blocks-wrap\">\n<div class=\"wp-block-uagb-container uagb-block-aaa491a8\">\n<div class=\"wp-block-uagb-image uagb-block-95ad5af2 wp-block-uagb-image--layout-default wp-block-uagb-image--effect-static wp-block-uagb-image--align-none\" id=\"TRANSPORT-HORS-NORMES\"><figure class=\"wp-block-uagb-image__figure\"><img decoding=\"async\" srcset=\"https:\/\/dimensiontransport.com\/wp-content\/uploads\/2023\/09\/real-fardier-01.jpg \" sizes=\"auto, (max-width: 480px) 150px\" src=\"https:\/\/dimensiontransport.com\/wp-content\/uploads\/2023\/09\/real-fardier-01.jpg\" alt=\"\" class=\"uag-image-1137\" width=\"720\" height=\"720\" title=\"\" loading=\"lazy\"\/><\/figure><\/div>\n<\/div>\n\n\n\n<div class=\"wp-block-uagb-container uagb-block-273f62cc\">\n<div class=\"wp-block-uagb-info-box uagb-block-f179cbd3 uagb-infobox__content-wrap  uagb-infobox-icon-above-title uagb-infobox-image-valign-top\"><div class=\"uagb-ifb-content\"><div class=\"uagb-ifb-title-wrap\"><h2 class=\"uagb-ifb-title\">TRANSPORT HORS-NORMES<\/h2><\/div><p class=\"uagb-ifb-desc\">L\u2019\u00e9quipe de professionnels de Dimension Transport a su d\u00e9velopper une expertise pour tous types de transport hors normes (dimensions et poids) afin de r\u00e9pondre aux besoins sp\u00e9cifiques des clients au Canada avec ses multiples \u00e9quipements sp\u00e9cialis\u00e9s (flat bed, drop deck, double drop deck, extensibles, fardiers hydraulique, remorque \u00e0 b\u00e2timent, etc).<br>De plus, elle compte sur de nombreuses remorques hydrauliques adaptables pour tout type de transport de b\u00e2timents ou de modules.<\/p><div class=\"uagb-ifb-button-wrapper wp-block-button\"><a href=\"index.php\/contact\" class=\"uagb-infobox-cta-link wp-block-button__link\" target=\"_self\" rel=\"noopener noreferrer\" onclick=\"return true;\" alt=\"\"><span class=\"uagb-inline-editing\">Contact<\/span><\/a><\/div><\/div><\/div>\n<\/div>\n<\/div><\/div>\n\n\n\n<div class=\"wp-block-uagb-container uagb-block-a3c85d3f alignfull uagb-is-root-container\"><div class=\"uagb-container-inner-blocks-wrap\">\n<div class=\"wp-block-uagb-container uagb-block-4502a8bd\">\n<div class=\"wp-block-uagb-info-box uagb-block-109f07e7 uagb-infobox__content-wrap  uagb-infobox-icon-above-title uagb-infobox-image-valign-top\" id=\"SERVICE-DE-LOGISTIQUE\"><div class=\"uagb-ifb-content\"><div class=\"uagb-ifb-title-wrap\"><h2 class=\"uagb-ifb-title\">SERVICE DE LOGISTIQUE<\/h2><\/div><p class=\"uagb-ifb-desc\">Notre exp\u00e9rience au fil des ann\u00e9es a permis de pouvoir s\u2019appuyer sur un vaste r\u00e9seau de partenaires externes et ce, partout au Canada d&rsquo;est en ouest. Consid\u00e9r\u00e9 comme un v\u00e9ritable outil de comp\u00e9titivit\u00e9, notre service en logistique a pour but d\u2019am\u00e9liorer sans cesse la satisfaction de nos clients.<br>Nos \u00e9quipes de courtage, r\u00e9partis dans plusieurs r\u00e9gions et bureaux, ont un objectif commun, celui de vous offrir les moyens rapides et les outils efficaces dans la gestion de vos voyages, vous apportant un avantage concurrentiel.<br>Nous qualifions les transporteurs en fonction de vos besoins pr\u00e9cis, nous n\u00e9gocions les taux au plus juste de vos demandes et offrons des voyages pour nos partenaires.<br>Nous assurons un suivi sur l\u2019ensemble des \u00e9tapes pour r\u00e9agir rapidement en cas de probl\u00e8me et ainsi r\u00e9gler efficacement une situation \u00e0 votre avantage. Nous coordonnons vos demandes de mani\u00e8re \u00e0 diminuer vos frais d\u2019acheminement, de stockage, et de livraison.<br>Il s\u2019agit d\u2019une \u00e9conomie de temps dans vos recherches afin d\u2019obtenir des conditions avantageuses concernant vos transports et vos demandes, am\u00e9liorant votre efficacit\u00e9.<br>Ce service met aussi \u00e0 votre disposition une liste de voyages disponibles \u00e0 tous les jours selon votre territoire, vos destinations, disponibilit\u00e9s, etc.<\/p><div class=\"uagb-ifb-button-wrapper wp-block-button\"><a href=\"index.php\/contact\" class=\"uagb-infobox-cta-link wp-block-button__link\" target=\"_self\" rel=\"noopener noreferrer\" onclick=\"return true;\" alt=\"\"><span class=\"uagb-inline-editing\">Contact<\/span><\/a><\/div><\/div><\/div>\n<\/div>\n\n\n\n<div class=\"wp-block-uagb-container uagb-block-a82f2522\">\n<div class=\"wp-block-uagb-image uagb-block-18897b0b wp-block-uagb-image--layout-default wp-block-uagb-image--effect-static wp-block-uagb-image--align-none\"><figure class=\"wp-block-uagb-image__figure\"><img decoding=\"async\" srcset=\"https:\/\/dimensiontransport.com\/wp-content\/uploads\/2023\/09\/logistique.jpg \" sizes=\"auto, (max-width: 480px) 150px\" src=\"https:\/\/dimensiontransport.com\/wp-content\/uploads\/2023\/09\/logistique.jpg\" alt=\"\" class=\"uag-image-1025\" width=\"640\" height=\"480\" title=\"\" loading=\"lazy\"\/><\/figure><\/div>\n<\/div>\n<\/div><\/div>\n","protected":false},"excerpt":{"rendered":"<p>SERVICES<\/p>\n","protected":false},"author":1,"featured_media":0,"parent":0,"menu_order":0,"comment_status":"closed","ping_status":"closed","template":"","meta":{"_uag_custom_page_level_css":"","site-sidebar-layout":"no-sidebar","site-content-layout":"plain-container","ast-site-content-layout":"normal-width-container","site-content-style":"unboxed","site-sidebar-style":"unboxed","ast-global-header-display":"","ast-banner-title-visibility":"","ast-main-header-display":"","ast-hfb-above-header-display":"","ast-hfb-below-header-display":"","ast-hfb-mobile-header-display":"","site-post-title":"disabled","ast-breadcrumbs-content":"","ast-featured-img":"disabled","footer-sml-layout":"","ast-disable-related-posts":"","theme-transparent-header-meta":"enabled","adv-header-id-meta":"","stick-header-meta":"","header-above-stick-meta":"","header-main-stick-meta":"","header-below-stick-meta":"","astra-migrate-meta-layouts":"set","ast-page-background-enabled":"default","ast-page-background-meta":{"desktop":{"background-color":"","background-image":"","background-repeat":"repeat","background-position":"center center","background-size":"auto","background-attachment":"scroll","background-type":"","background-media":"","overlay-type":"","overlay-color":"","overlay-opacity":"","overlay-gradient":""},"tablet":{"background-color":"","background-image":"","background-repeat":"repeat","background-position":"center center","background-size":"auto","background-attachment":"scroll","background-type":"","background-media":"","overlay-type":"","overlay-color":"","overlay-opacity":"","overlay-gradient":""},"mobile":{"background-color":"","background-image":"","background-repeat":"repeat","background-position":"center center","background-size":"auto","background-attachment":"scroll","background-type":"","background-media":"","overlay-type":"","overlay-color":"","overlay-opacity":"","overlay-gradient":""}},"ast-content-background-meta":{"desktop":{"background-color":"var(--ast-global-color-5)","background-image":"","background-repeat":"repeat","background-position":"center center","background-size":"auto","background-attachment":"scroll","background-type":"","background-media":"","overlay-type":"","overlay-color":"","overlay-opacity":"","overlay-gradient":""},"tablet":{"background-color":"var(--ast-global-color-5)","background-image":"","background-repeat":"repeat","background-position":"center center","background-size":"auto","background-attachment":"scroll","background-type":"","background-media":"","overlay-type":"","overlay-color":"","overlay-opacity":"","overlay-gradient":""},"mobile":{"background-color":"var(--ast-global-color-5)","background-image":"","background-repeat":"repeat","background-position":"center center","background-size":"auto","background-attachment":"scroll","background-type":"","background-media":"","overlay-type":"","overlay-color":"","overlay-opacity":"","overlay-gradient":""}},"footnotes":""},"class_list":["post-219","page","type-page","status-publish","hentry"],"uagb_featured_image_src":{"full":false,"thumbnail":false,"medium":false,"medium_large":false,"large":false,"1536x1536":false,"2048x2048":false},"uagb_author_info":{"display_name":"admin","author_link":"https:\/\/dimensiontransport.com\/index.php\/author\/webmaster\/"},"uagb_comment_info":0,"uagb_excerpt":"SERVICES","jetpack_sharing_enabled":true,"_links":{"self":[{"href":"https:\/\/dimensiontransport.com\/index.php\/wp-json\/wp\/v2\/pages\/219","targetHints":{"allow":["GET"]}}],"collection":[{"href":"https:\/\/dimensiontransport.com\/index.php\/wp-json\/wp\/v2\/pages"}],"about":[{"href":"https:\/\/dimensiontransport.com\/index.php\/wp-json\/wp\/v2\/types\/page"}],"author":[{"embeddable":true,"href":"https:\/\/dimensiontransport.com\/index.php\/wp-json\/wp\/v2\/users\/1"}],"replies":[{"embeddable":true,"href":"https:\/\/dimensiontransport.com\/index.php\/wp-json\/wp\/v2\/comments?post=219"}],"version-history":[{"count":17,"href":"https:\/\/dimensiontransport.com\/index.php\/wp-json\/wp\/v2\/pages\/219\/revisions"}],"predecessor-version":[{"id":1729,"href":"https:\/\/dimensiontransport.com\/index.php\/wp-json\/wp\/v2\/pages\/219\/revisions\/1729"}],"wp:attachment":[{"href":"https:\/\/dimensiontransport.com\/index.php\/wp-json\/wp\/v2\/media?parent=219"}],"curies":[{"name":"wp","href":"https:\/\/api.w.org\/{rel}","templated":true}]}}